{"version":"1.0","provider_name":"Agpograf Impressors","provider_url":"https:\/\/agpograf.com\/es\/","author_name":"agpo2018","author_url":"https:\/\/agpograf.com\/es\/author\/agpo2018\/","title":"La historia de un mar de oportunidades - Fundaci\u00f3n CARES &#8211; Agpograf Impressors","type":"rich","width":600,"height":338,"html":"<blockquote class=\"wp-embedded-content\" data-secret=\"sRbKDG6t95\"><a href=\"https:\/\/agpograf.com\/es\/portfolio_page\/la-historia-dun-mar-doportunitats-fundacio-cares\/\">La historia de un mar de oportunidades &#8211; Fundaci\u00f3n CARES<\/a><\/blockquote><iframe sandbox=\"allow-scripts\" security=\"restricted\" src=\"https:\/\/agpograf.com\/es\/portfolio_page\/la-historia-dun-mar-doportunitats-fundacio-cares\/embed\/#?secret=sRbKDG6t95\" width=\"600\" height=\"338\" title=\"\u00abLa historia de un mar de oportunidades &#8211; Fundaci\u00f3n CARES\u00bb \u2014 Agpograf Impressors\" data-secret=\"sRbKDG6t95\" frameborder=\"0\" marginwidth=\"0\" marginheight=\"0\" scrolling=\"no\" class=\"wp-embedded-content\"><\/iframe><script type=\"text\/javascript\">\n\/* <![CDATA[ *\/\n\/*! This file is auto-generated *\/\n!function(d,l){\"use strict\";l.querySelector&&d.addEventListener&&\"undefined\"!=typeof URL&&(d.wp=d.wp||{},d.wp.receiveEmbedMessage||(d.wp.receiveEmbedMessage=function(e){var t=e.data;if((t||t.secret||t.message||t.value)&&!\/[^a-zA-Z0-9]\/.test(t.secret)){for(var s,r,n,a=l.querySelectorAll('iframe[data-secret=\"'+t.secret+'\"]'),o=l.querySelectorAll('blockquote[data-secret=\"'+t.secret+'\"]'),c=new RegExp(\"^https?:$\",\"i\"),i=0;i<o.length;i++)o[i].style.display=\"none\";for(i=0;i<a.length;i++)s=a[i],e.source===s.contentWindow&&(s.removeAttribute(\"style\"),\"height\"===t.message?(1e3<(r=parseInt(t.value,10))?r=1e3:~~r<200&&(r=200),s.height=r):\"link\"===t.message&&(r=new URL(s.getAttribute(\"src\")),n=new URL(t.value),c.test(n.protocol))&&n.host===r.host&&l.activeElement===s&&(d.top.location.href=t.value))}},d.addEventListener(\"message\",d.wp.receiveEmbedMessage,!1),l.addEventListener(\"DOMContentLoaded\",function(){for(var e,t,s=l.querySelectorAll(\"iframe.wp-embedded-content\"),r=0;r<s.length;r++)(t=(e=s[r]).getAttribute(\"data-secret\"))||(t=Math.random().toString(36).substring(2,12),e.src+=\"#?secret=\"+t,e.setAttribute(\"data-secret\",t)),e.contentWindow.postMessage({message:\"ready\",secret:t},\"*\")},!1)))}(window,document);\n\/\/# sourceURL=https:\/\/agpograf.com\/wp-includes\/js\/wp-embed.min.js\n\/* ]]> *\/\n<\/script>\n","thumbnail_url":"https:\/\/agpograf.com\/wp-content\/uploads\/2025\/10\/Fundacio-Cares-Llibre-25-aniversari_1000x1000.jpg","thumbnail_width":1000,"thumbnail_height":1000,"description":"Con motivo de su 25 aniversario, la fundaci\u00f3n publica La historia de un mar de oportunidades, un cat\u00e1logo conmemorativo que recoge su trayectoria, los momentos clave y el impacto social conseguido a lo largo de los a\u00f1os. El dise\u00f1o de este libro ha sido confiado a la Agencia Singularity, donde se ha dado forma a un producto editorial institucional que a la vez refleja la sensibilidad humana del proyecto. Con motivo de su 25 aniversario, la fundaci\u00f3n publica La historia de un mar de oportunidades, un cat\u00e1logo conmemorativo que recoge su trayectoria, los momentos clave y el impacto social conseguido a lo largo de los a\u00f1os. El dise\u00f1o de este libro ha sido confiado a la Agencia Singularity, donde se ha dado forma a un producto editorial institucional que a la vez refleja la sensibilidad humana del proyecto."}

La historia de un mar de oportunidades - Fundación CARES &#8211; Agpograf Impressors

<blockquote class="wp-embedded-content" data-secret="sRbKDG6t95"><a href="https://agpograf.com/es/portfolio_page/la-historia-dun-mar-doportunitats-fundacio-cares/">La historia de un mar de oportunidades &#8211; Fundación CARES</a></blockquote><iframe sandbox="allow-scripts" security="restricted" src="https://agpograf.com/es/portfolio_page/la-historia-dun-mar-doportunitats-fundacio-cares/embed/#?secret=sRbKDG6t95" width="600" height="338" title="«La historia de un mar de oportunidades &#8211; Fundación CARES» — Agpograf Impressors" data-secret="sRbKDG6t95" frameborder="0" marginwidth="0" marginheight="0" scrolling="no" class="wp-embedded-content"></iframe><script type="text/javascript">
/* <![CDATA[ */
/*! This file is auto-generated */
!function(d,l){"use strict";l.querySelector&&d.addEventListener&&"undefined"!=typeof URL&&(d.wp=d.wp||{},d.wp.receiveEmbedMessage||(d.wp.receiveEmbedMessage=function(e){var t=e.data;if((t||t.secret||t.message||t.value)&&!/[^a-zA-Z0-9]/.test(t.secret)){for(var s,r,n,a=l.querySelectorAll('iframe[data-secret="'+t.secret+'"]'),o=l.querySelectorAll('blockquote[data-secret="'+t.secret+'"]'),c=new RegExp("^https?:$","i"),i=0;i<o.length;i++)o[i].style.display="none";for(i=0;i<a.length;i++)s=a[i],e.source===s.contentWindow&&(s.removeAttribute("style"),"height"===t.message?(1e3<(r=parseInt(t.value,10))?r=1e3:~~r<200&&(r=200),s.height=r):"link"===t.message&&(r=new URL(s.getAttribute("src")),n=new URL(t.value),c.test(n.protocol))&&n.host===r.host&&l.activeElement===s&&(d.top.location.href=t.value))}},d.addEventListener("message",d.wp.receiveEmbedMessage,!1),l.addEventListener("DOMContentLoaded",function(){for(var e,t,s=l.querySelectorAll("iframe.wp-embedded-content"),r=0;r<s.length;r++)(t=(e=s[r]).getAttribute("data-secret"))||(t=Math.random().toString(36).substring(2,12),e.src+="#?secret="+t,e.setAttribute("data-secret",t)),e.contentWindow.postMessage({message:"ready",secret:t},"*")},!1)))}(window,document);
//# sourceURL=https://agpograf.com/wp-includes/js/wp-embed.min.js
/* ]]> */
</script>

Con motivo de su 25 aniversario, la fundación publica La historia de un mar de oportunidades, un catálogo conmemorativo que recoge su trayectoria, los momentos clave y el impacto social conseguido a lo largo de los años. El diseño de este libro ha sido confiado a la Agencia Singularity, donde se ha dado forma a un producto editorial institucional que a la vez refleja la sensibilidad humana del proyecto. Con motivo de su 25 aniversario, la fundación publica La historia de un mar de oportunidades, un catálogo conmemorativo que recoge su trayectoria, los momentos clave y el impacto social conseguido a lo largo de los años. El diseño de este libro ha sido confiado a la Agencia Singularity, donde se ha dado forma a un producto editorial institucional que a la vez refleja la sensibilidad humana del proyecto.
